 factors of 1384610623?
11, 11443063
List the prime factors of 97802033.
7, 971, 14389
What are the prime factors of 305458909?
7, 43636987
What are the prime factors of 740816330?
2, 5, 61, 1214453
List the prime factors of 903138656.
2, 7, 53, 127, 599
What are the prime factors of 21957240?
2, 3, 5, 67, 2731
What are the prime factors of 6425884605?
3, 5, 7, 61198901
What are the prime factors of 16541443?
16541443
What are the prime factors of 28962185?
5, 7, 118213
List the prime factors of 12113240.
2, 5, 302831
List the prime factors of 3132721829.
853, 3672593
What are the prime factors of 482558624?
2, 683, 22079
What are the prime factors of 5418590676?
2, 3, 17, 26561719
What are the prime factors of 35872616?
2, 13, 157
List the prime factors of 497319712.
2, 929, 16729
What are the prime factors of 124251055?
5, 4001, 6211
What are the prime factors of 85615880?
2, 5, 7, 305771
What are the prime factors of 347238025?
5, 29, 439, 1091
What are the prime factors of 95989949?
11, 8726359
What are the prime factors of 97564028?
2, 2659, 9173
List the prime factors of 449939536.
2, 37, 503, 1511
What are the prime factors of 1134545796?
2, 3, 17, 109049
List the prime factors of 2512244792.
2, 314030599
List the prime factors of 77882188.
2, 37, 526231
What are the prime factors of 389102878?
2, 37, 823, 6389
List the prime factors of 127422942.
2, 3, 21237157
What are the prime factors of 406346440?
2, 5, 571, 17791
List the prime factors of 12650682.
2, 3, 11, 191677
List the prime factors of 71159034.
2, 3, 47, 167, 1511
List the prime factors of 50813676.
2, 3, 19, 24763
List the prime factors of 35157800.
2, 5, 23, 7643
What are the prime factors of 153134959?
41, 3734999
List the prime factors of 152645780.
2, 5, 7, 109, 1429
What are the prime factors of 95200393?
19, 307, 859
List the prime factors of 620401986.
2, 3, 34466777
List the prime factors of 412793251.
13, 1249, 25423
List the prime factors of 1480470511.
13, 107, 1064321
List the prime factors of 696689462.
2, 7, 331, 150343
List the prime factors of 33799320.
2, 3, 5, 93887
List the prime factors of 378463081.
43, 8801467
List the prime factors of 298824105.
3, 5, 19921607
List the prime factors of 7118905.
5, 1423781
What are the prime factors of 477716354?
2, 17, 19, 38921
What are the prime factors of 1827773348?
2, 456943337
What are the prime factors of 4384101329?
53, 82718893
List the prime factors of 237384818.
2, 11, 761, 1289
List the prime factors of 267148676.
2, 17, 173, 22709
List the prime factors of 49871610.
2, 3, 5, 554129
What are the prime factors of 9056670?
2, 3, 5, 7, 61, 101
List the prime factors of 58569699.
3, 61, 320053
What are the prime factors of 1454878495?
5, 7, 2311, 17987
List the prime factors of 96924984.
2, 3, 13, 41, 7577
List the prime factors of 200536019.
331, 605849
List the prime factors of 51585292.
2, 11, 1172393
List the prime factors of 1412806870.
2, 5, 367, 384961
What are the prime factors of 108515698?
2, 53, 1023733
List the prime factors of 498004632.
2, 3, 881, 2617
What are the prime factors of 3390944210?
2, 5, 367, 923963
What are the prime factors of 7431690772?
2, 11, 15354733
List the prime factors of 26735210.
2, 5, 2673521
List the prime factors of 149066091.
3, 83, 431, 463
What are the prime factors of 4137899784?
2, 3, 89, 311, 6229
What are the prime factors of 135043430?
2, 5, 29, 73, 6379
What are the prime factors of 1138952856?
2, 3, 47456369
List the prime factors of 299712139.
8971, 33409
List the prime factors of 2640189377.
7, 29, 13005859
List the prime factors of 340499081.
13, 26192237
What are the prime factors of 2390515492?
2, 3793, 157561
What are the prime factors of 7044317563?
7044317563
List the prime factors of 1059591649.
1059591649
List the prime factors of 56849692.
2, 14212423
What are the prime factors of 243615031?
11, 2677, 8273
What are the prime factors of 859255405?
5, 171851081
List the prime factors of 150372587.
150372587
What are the prime factors of 37787520?
2, 3, 5, 19681
What are the prime factors of 141462773?
141462773
What are the prime factors of 5124706988?
2, 67, 383, 49927
What are the prime factors of 73766342?
2, 13, 2837167
What are the prime factors of 1704222104?
2, 13, 16386751
What are the prime factors of 69851283?
3, 17, 61, 22453
What are the prime factors of 917926064?
2, 11, 89, 58601
List the prime factors of 280775212.
2, 1879, 37357
List the prime factors of 142167022.
2, 17, 4181383
List the prime factors of 41668095.
3, 5, 7, 41, 9679
What are the prime factors of 2193572949?
3, 5741, 127363
List the prime factors of 14925755.
5, 13, 229627
List the prime factors of 570427300.
2, 5, 5704273
List the prime factors of 2217699173.
31, 5039, 14197
List the prime factors of 351572331.
3, 11, 443, 24049
What are the prime factors of 1782194629?
23, 77486723
List the prime factors of 13151617.
13151617
List the prime factors of 51760259.
51760259
List the prime factors of 4851843093.
3, 14591, 36947
List the prime factors of 97045524.
2, 3, 37, 41, 1777
What are the prime factors of 5099190294?
2, 3, 11, 77260459
List the prime factors of 4350445202.
2, 31, 70168471
What are the prime factors of 2446941867?
3, 815647289
List the prime factors of 508307393.
11, 3359, 13757
List the prime factors of 84684142.
2, 53, 587, 1361
What are the prime factors of 2949869222?
2, 89, 16572299
What are the prime factors of 1877593164?
2, 3, 1637, 95581
What are the prime factors of 138598519?
631, 219649
List the prime factors of 1393824399.
3, 11, 42237103
What are the prime factors of 72021633?
3, 24007211
List the prime factors of 128606465.
5, 13, 152197
What are the prime factors of 2212680948?
2, 3, 19, 41, 236701
List the prime factors of 19265659.
7, 53, 51929
List the prime factors of 1202990187.
3, 7, 19, 1021, 2953
List the prime factors of 93874293.
3, 23, 31, 14629
What are the prime factors of 283248502?
2, 141624251
What are the prime factors of 226557130?
2, 5, 17, 23, 57943
What are the prime factors of 3328538133?
3, 29, 601, 63659
What are the prime factors of 708135412?
2, 197, 211, 4259
List the prime factors of 259990835.
5, 13, 3999859
List the prime factors of 26464621.
26464621
List the prime factors of 22909787.
1627, 14081
What are the prime factors of 75710549?
23, 3291763
What are the prime factors of 35677809?
3, 3964201
What are the prime factors of 2733698567?
181, 15103307
What are the prime factors of 261512642?
2, 3719, 35159
List the prime factors of 4775703043.
4775703043
What are the prime factors of 211891883?
7, 1747, 17327
List the prime factors of 50462111.
7, 1029839
List the prime factors of 35625334.
2, 17812667
What are the prime factors of 336696983?
7, 31, 221657
What are the prime factors of 925525923?
3, 7, 29, 41, 101, 367
What are the prime factors of 582567949?
19, 30661471
What are the prime factors of 78337990?
2, 5, 29, 270131
What are the prime factors of 74181652?
2, 29, 71, 9007
What are the prime factors of 1096912762?
2, 11, 29, 1719299
What are the prime factors of 19896863?
7, 23, 123583
What are the prime factors of 2676109?
1123, 2383
List the prime factors of 1633341221.
1633341221
List the prime factors of 2578276113.
3, 7, 5171, 23743
What are the prime factors of 2813429150?
2, 5, 7, 359, 22391
List the prime factors of 1497930509.
31, 547, 88337
What are the prime factors of 85893590?
2, 5, 8589359
What are the prime factors of 1626434796?
2, 3, 7, 293, 66083
What are the prime factors of 828543813?
3, 276181271
What are the prime factors of 1578265221?
3, 13, 23, 1759493
List the prime factors of 3832435652.
2, 958108913
What are the prime factors of 2202023817?
3, 7, 34952759
List the prime factors of 2019770629.
17, 101, 269, 4373
What are the prime factors of 444828711?
3, 97, 1528621
What are the prime factors of 97086995?
5, 19417399
What are the prime factors of 1116809637?
3, 372269879
List the prime factors of 19885602.
2, 3, 11, 503, 599
What are the prime factors of 83432851?
109, 765439
What are the prime factors of 4469333039?
179, 2153, 11597
List the prime factors of 110699264.
2, 13, 29, 31, 37
What are the prime factors of 201231284?
2, 67, 750863
List the prime fact